Let z(q) = -q**2 - 7*q - 2. Let p be z(m). What is the greatest common factor of 88 and p?
8
Let p be (160/(-12))/(8/(-12)). Let m = 2 - 0. What is the highest common factor of m and p?
2
Let u(i) = -9*i + 15. Let y(n) = n - 1. Let w(g) = u(g) + 18*y(g). Let m be w(4). Suppose 0 = -2*f + 4 + 2. What is the highest common divisor of m and f?
3
Let o = -241 - -340. Let q be (-4)/(-6) - (-25)/3. Calculate the greatest common factor of q and o.
9
Let x(z) = 2*z - 1. Let m(f) = -2*f - 16. Let j be m(-9). Let h be x(j). What is the greatest common divisor of 6 and h?
3
Let o = 17 - 10. Let u = 6 + -2. Suppose 5*i = z - 42, 3*i - u*i = 3*z - 126. Calculate the highest common divisor of o and z.
7
Let p be -3 + ((-3)/(-3) - 1). Let w = 0 - p. Suppose -w*z + 45 = 2*z. What is the highest common factor of 99 and z?
9
Let v = -15 + 35. Calculate the highest common divisor of 20 and v.
20
Let x = 2 + -1. Suppose -2*v = -9 + x. Suppose 4*b + b + u = 67, 2*u + 62 = v*b. Calculate the greatest common divisor of b and 98.
14
Let s = -86 - -185. What is the highest common factor of 9 and s?
9
Suppose -2*p = -38 - 1186. Suppose -2*l + 3 = -5, 0 = 4*b - l - p. Calculate the highest common divisor of 22 and b.
22
Let t be 5/3 - (-1)/3. Suppose 4*z = 3*g - 18, 0 = 3*g + t*z - z - 3. What is the greatest common factor of g and 22?
2
Suppose -2*p = 2*w - 14, 3*w + 12 = -2*p + 31. Suppose -2*z - 2 + 0 = 0. Let n be 1*(-2 + (-22)/z). What is the greatest common divisor of n and p?
2
Let q be (-3)/(-3*(-2)/8). Let g be q/(-18) - 1830/(-27). Calculate the highest common factor of 17 and g.
17
Suppose -5*i - 27 = -2*f, 0*i - 3*i = 3*f - 72. Calculate the greatest common divisor of 210 and f.
21
Let k(x) = 9*x**3 - 2*x**2 + 1. Let f be k(1). Suppose 2 = -2*o - 2, 4*w + 3*o = -2. Let d be (-72*(w + -2))/1. What is the highest common factor of f and d?
8
Suppose 0 = -8*m + 5*m + 462. What is the highest common factor of 14 and m?
14
Let y(j) = -2*j**3 + j**2 + j + 2. Let n be y(-2). Suppose 5*i = 30 + n. Calculate the greatest common factor of i and 110.
10
Let m(r) = -3*r**2 - 2*r - 4. Let b be m(-4). Let q = 80 + b. Calculate the highest common factor of q and 9.
9
Suppose -18*g = -20*g + 304. Calculate the highest common divisor of g and 19.
19
Let o = -234 + 437. Calculate the highest common divisor of 7 and o.
7
Suppose 0 = -3*u - 6, -5*s - 6*u + 86 = -4*u. Calculate the greatest common divisor of 18 and s.
18
Suppose 0*o - 220 = -5*o. Let l = o + 165. Calculate the greatest common divisor of 19 and l.
19
Suppose -x = -0*x - 20. What is the highest common divisor of x and 4?
4
Let a(v) = -3*v - 42. Let k be a(-17). What is the highest common factor of k and 72?
9
Suppose -2*x - 3*x = g - 2, -x + 10 = g. What is the greatest common divisor of 3 and g?
3
Suppose -5*u + 173 + 497 = 5*p, -3*p + 668 = 5*u. What is the greatest common factor of u and 19?
19
Let u be -4*5/((-10)/44). Suppose -4*k = k - 25. Suppose 0 = l + b - 9, l - 37 = -3*l - k*b. What is the highest common divisor of l and u?
8
Let z be ((-768)/40)/((-3)/10). Let b = 19 - 3. What is the greatest common divisor of z and b?
16
Suppose -8 + 48 = 4*u. What is the highest common factor of 70 and u?
10
Suppose -5*a + 294 = -421. What is the greatest common divisor of 13 and a?
13
Let b(l) be the third derivative of 5*l**4/24 - l**3/3 + 4*l**2. Let s be b(2). Calculate the greatest common factor of 8 and s.
8
Let p(v) = -v**3 - 5*v**2 + 35*v - 4. Let k be p(-9). Calculate the greatest common factor of k and 5.
5
Suppose -158 - 202 = -5*h. Suppose -x + 45 = 4*x. What is the greatest common divisor of x and h?
9
Let s(c) = 5*c**2 + 2*c + 2. Let k = 5 + -7. Let h be s(k). Suppose h - 6 = 4*m. Calculate the greatest common divisor of m and 1.
1
Let o be ((-10)/(-25))/(2/85). What is the greatest common divisor of o and 153?
17
Let j = 104 - 70. What is the highest common divisor of j and 85?
17
Suppose 2*v = -0 + 4. Suppose -v*w + 54 = -0*w. What is the highest common divisor of w and 216?
27
Let s(v) = 2*v - 11. Let y be s(7). Suppose 128 = y*w - w. Calculate the highest common factor of w and 8.
8
Let x be (-356)/(-18) + (-2)/(-9). Let l = 20 - 20. Suppose l*a = a - x. What is the highest common divisor of 20 and a?
20
Let q be (-16)/(-6) - ((-15)/(-9) + -2). Let i be ((-28)/6)/(2/(-9)). Calculate the greatest common divisor of i and q.
3
Suppose 179 + 121 = 4*w. Let r = w - 45. Let a(x) = x**3 + 7*x**2 + 5*x + 4. Let h be a(-6). What is the highest common factor of r and h?
10
Let d be (150/(-9))/((-8)/36). Calculate the greatest common divisor of 25 and d.
25
Suppose 22 = -4*n + u, 5*u + 1 - 11 = 0. Let d = 29 - 19. Let r = d + n. What is the highest common divisor of 20 and r?
5
Let y(c) = 6*c**2 + c + 1. Let n be y(-1). Let x(k) = k**3 + 11*k**2 + 7*k - 24. Let s be x(-10). Calculate the greatest common factor of s and n.
6
Let n(w) = -7*w - 5. Let z be n(-5). Suppose 0 = -0*p + 5*p - 60. Calculate the highest common factor of p and z.
6
Let w = 26 - 12. What is the greatest common divisor of 35 and w?
7
Let h be 2219/35 - (-4)/(-10). Suppose 14 - 71 = -4*t + o, o - h = -4*t. Suppose -114 - 51 = -p. What is the highest common divisor of p and t?
15
Let o(n) = -n + 13. Let x be o(8). What is the highest common divisor of 25 and x?
5
Suppose 2*l - 213 = 155. Suppose -2*o + o = -5, 0 = 3*t - o - l. Calculate the highest common factor of t and 21.
21
Let y(d) = 3*d**2 + 3*d - 18. Let r be y(7). What is the greatest common divisor of 15 and r?
15
Suppose 3*w + 249 = -0*w. Let a(m) = 48*m + 3. Let h be a(3). Let y = w + h. What is the highest common divisor of y and 16?
16
Let y(z) = 6*z - 20. Let v be y(6). Calculate the highest common divisor of 4 and v.
4
Suppose -4*a = -3*a - 4. Let c = a + 3. Calculate the highest common factor of 14 and c.
7
Suppose -5*c = -3 - 22. Let d(x) = 2*x**2 + 8*x + 5. Let m be d(-5). What is the highest common factor of c and m?
5
Let x(h) = 10*h**2 - 5*h - 21. Let w be x(-4). Calculate the greatest common factor of 53 and w.
53
Suppose -6*z + 2 + 118 = 0. What is the highest common divisor of 100 and z?
20
Suppose -b + 3*p + 72 = 2*b, -2*p - 6 = 0. Calculate the highest common factor of b and 3.
3
Let u = -5 + 8. Suppose 0 = -0*q + u*q - 36. What is the greatest common divisor of q and 132?
12
Let g be 506/6 + 2/(-6). Let q be 2/4 - 230/4. Let s = q + g. What is the highest common factor of 18 and s?
9
Let m = -9 + 24. Suppose -6*z + 5*z = -4. Suppose z*l + 5*r - 475 = 0, 0*r = -4*l + 3*r + 483. What is the greatest common divisor of m and l?
15
Let p be 2/5 - (-156)/10. Suppose -5*n - 2*u + 11 = -73, -u + 18 = n. What is the highest common divisor of n and p?
16
Suppose -3*m + 23 + 7 = 0. Calculate the greatest common divisor of m and 2.
2
Suppose -43 = -3*v + 4*u, 3*v - 6 = -5*u + 28. Suppose 0 = 5*q - 2*w - 134, q + 5*w - 2 - 14 = 0. Calculate the greatest common divisor of q and v.
13
Let d(q) = q**3 + q**2 + 2*q + 13. Let j be d(0). Calculate the highest common divisor of j and 91.
13
Suppose -16 = 5*s - 126. Let n = -2 - 19. Let v be (-48)/n - (-6)/(-21). Calculate the highest common divisor of v and s.
2
Let f = 41 - 33. What is the highest common divisor of 8 and f?
8
Let t be (0 - 0)*6/(-12). Suppose t = -2*y + y + 54. Suppose -o = 2*o - y. What is the highest common divisor of o and 27?
9
Suppose 381 + 105 = 6*j. What is the highest common factor of 27 and j?
27
Suppose -2*z = x - 1 - 11, -z + 7 = x. Let a(m) = -12*m + 5. Let s be a(4). Let k = x - s. Calculate the greatest common divisor of k and 18.
9
Let u be 6 + 1/(-1) - -112. What is the greatest common divisor of u and 13?
13
Let k be 20/(-1 - 0/(-1)). Let c(d) = -3*d - 1. Let p be c(13). Let l = k - p. What is the highest common divisor of 8 and l?
4
Let s be (97 - -14)/(-1 - -2). Calculate the highest common divisor of s and 74.
37
Suppose 0 = r - 8 + 4, 6 = z + r. Calculate the greatest common divisor of 16 and z.
2
Let o = 8 + 0. Let s(b) = 6*b**2 - 12*b - 2. Let y be s(5). Calculate the greatest common divisor of y and o.
8
Suppose -13 - 5 = -2*a. Suppose -5*t - 5*o + 480 = 0, 4*t - 244 = 5*o + 167. Calculate the highest common divisor of a and t.
9
Suppose 9 + 24 = 3*w - 4*s, 2*w - 2*s = 20. Suppose -16 = -g